{"id":1117,"date":"2025-01-30T15:52:42","date_gmt":"2025-01-30T14:52:42","guid":{"rendered":"https:\/\/lanaturedefelia.fr\/?page_id=1117"},"modified":"2025-09-12T17:10:19","modified_gmt":"2025-09-12T16:10:19","slug":"bijoux-en-tissus","status":"publish","type":"page","link":"https:\/\/lanaturedefelia.fr\/?page_id=1117","title":{"rendered":"\u2728 Bijoux en tissus"},"content":{"rendered":"\n<p>Sur cette page, je vous invite \u00e0 d\u00e9couvrir mes cr\u00e9ations uniques de bijoux r\u00e9alis\u00e9s enti\u00e8rement \u00e0 la main en tissus recycl\u00e9s.<br>Chaque pi\u00e8ce est con\u00e7ue avec soin pour apporter une touche d\u2019originalit\u00e9 et de douceur \u00e0 votre style.<\/p>\n\n\n\n<p>Parmi mes cr\u00e9ations, vous trouverez :<\/p>\n\n\n\n<ul class=\"wp-block-list\">\n<li>Bracelets<\/li>\n\n\n\n<li>Ras-de-cou<\/li>\n\n\n\n<li>Pendentifs<\/li>\n\n\n\n<li>Broches<\/li>\n\n\n\n<li>Barrettes<\/li>\n\n\n\n<li>Pin\u2019s<\/li>\n<\/ul>\n\n\n\n<p>Chaque bijou est une petite \u0153uvre d\u2019art, l\u00e9g\u00e8re et pleine de vie, parfaite pour embellir votre quotidien tout en respectant la plan\u00e8te.<\/p>\n\n\n<a class=\"wp-block-read-more\" href=\"https:\/\/lanaturedefelia.fr\/?page_id=1117\" target=\"_self\"><a href=\"https:\/\/amazinggoldenturf.tpopsite.com\/product\/parure-dequilibre-yin-yang-ame-grace-tissage-creation-defelia\">\ud83c\udf11 Parure d&rsquo;Equilibre Yin Yang \u2013 \u00c2me, Gr\u00e2ce &amp; Tissage Cr\u00e9ation d\u2019Ef\u00e9lia | Amazing golden turf (tpopsite.com)<\/a><span class=\"screen-reader-text\">\u00a0: \u2728 Bijoux en tissus<\/span><\/a>\n\n\n<figure class=\"wp-block-gallery has-nested-images columns-default is-cropped wp-block-gallery-1 is-layout-flex wp-block-gallery-is-layout-flex\">\n<figure class=\"wp-block-image size-large\"><img loading=\"lazy\" decoding=\"async\" width=\"768\" height=\"1024\" data-id=\"1357\" src=\"https:\/\/lanaturedefelia.fr\/wp-content\/uploads\/2025\/07\/20250526_154835005_iOS-768x1024.jpg\" alt=\"\" class=\"wp-image-1357\" srcset=\"https:\/\/lanaturedefelia.fr\/wp-content\/uploads\/2025\/07\/20250526_154835005_iOS-768x1024.jpg 768w, https:\/\/lanaturedefelia.fr\/wp-content\/uploads\/2025\/07\/20250526_154835005_iOS-225x300.jpg 225w, https:\/\/lanaturedefelia.fr\/wp-content\/uploads\/2025\/07\/20250526_154835005_iOS-1152x1536.jpg 1152w, https:\/\/lanaturedefelia.fr\/wp-content\/uploads\/2025\/07\/20250526_154835005_iOS-1536x2048.jpg 1536w, https:\/\/lanaturedefelia.fr\/wp-content\/uploads\/2025\/07\/20250526_154835005_iOS-scaled.jpg 1920w\" sizes=\"auto, (max-width: 768px) 100vw, 768px\" \/><\/figure>\n\n\n\n<figure class=\"wp-block-image size-large\"><img loading=\"lazy\" decoding=\"async\" width=\"768\" height=\"1024\" data-id=\"1377\" src=\"https:\/\/lanaturedefelia.fr\/wp-content\/uploads\/2025\/09\/20250818_140442341_iOS-768x1024.jpg\" alt=\"\" class=\"wp-image-1377\" srcset=\"https:\/\/lanaturedefelia.fr\/wp-content\/uploads\/2025\/09\/20250818_140442341_iOS-768x1024.jpg 768w, https:\/\/lanaturedefelia.fr\/wp-content\/uploads\/2025\/09\/20250818_140442341_iOS-225x300.jpg 225w, https:\/\/lanaturedefelia.fr\/wp-content\/uploads\/2025\/09\/20250818_140442341_iOS-1152x1536.jpg 1152w, https:\/\/lanaturedefelia.fr\/wp-content\/uploads\/2025\/09\/20250818_140442341_iOS-1536x2048.jpg 1536w, https:\/\/lanaturedefelia.fr\/wp-content\/uploads\/2025\/09\/20250818_140442341_iOS-scaled.jpg 1920w\" sizes=\"auto, (max-width: 768px) 100vw, 768px\" \/><\/figure>\n\n\n\n<figure class=\"wp-block-image size-large\"><img loading=\"lazy\" decoding=\"async\" width=\"768\" height=\"1024\" data-id=\"1378\" src=\"https:\/\/lanaturedefelia.fr\/wp-content\/uploads\/2025\/09\/20250818_140622892_iOS-768x1024.jpg\" alt=\"\" class=\"wp-image-1378\" srcset=\"https:\/\/lanaturedefelia.fr\/wp-content\/uploads\/2025\/09\/20250818_140622892_iOS-768x1024.jpg 768w, https:\/\/lanaturedefelia.fr\/wp-content\/uploads\/2025\/09\/20250818_140622892_iOS-225x300.jpg 225w, https:\/\/lanaturedefelia.fr\/wp-content\/uploads\/2025\/09\/20250818_140622892_iOS-1152x1536.jpg 1152w, https:\/\/lanaturedefelia.fr\/wp-content\/uploads\/2025\/09\/20250818_140622892_iOS-1536x2048.jpg 1536w, https:\/\/lanaturedefelia.fr\/wp-content\/uploads\/2025\/09\/20250818_140622892_iOS-scaled.jpg 1920w\" sizes=\"auto, (max-width: 768px) 100vw, 768px\" \/><\/figure>\n\n\n\n<figure class=\"wp-block-image size-large\"><img loading=\"lazy\" decoding=\"async\" width=\"768\" height=\"1024\" data-id=\"1379\" src=\"https:\/\/lanaturedefelia.fr\/wp-content\/uploads\/2025\/09\/20250818_140649315_iOS-768x1024.jpg\" alt=\"\" class=\"wp-image-1379\" srcset=\"https:\/\/lanaturedefelia.fr\/wp-content\/uploads\/2025\/09\/20250818_140649315_iOS-768x1024.jpg 768w, https:\/\/lanaturedefelia.fr\/wp-content\/uploads\/2025\/09\/20250818_140649315_iOS-225x300.jpg 225w, https:\/\/lanaturedefelia.fr\/wp-content\/uploads\/2025\/09\/20250818_140649315_iOS-1152x1536.jpg 1152w, https:\/\/lanaturedefelia.fr\/wp-content\/uploads\/2025\/09\/20250818_140649315_iOS-1536x2048.jpg 1536w, https:\/\/lanaturedefelia.fr\/wp-content\/uploads\/2025\/09\/20250818_140649315_iOS-scaled.jpg 1920w\" sizes=\"auto, (max-width: 768px) 100vw, 768px\" \/><\/figure>\n<\/figure>\n\n\n\n<p><a href=\"https:\/\/amazinggoldenturf.tpopsite.com\/product\/parure-elegance-florale-creation-agt-ame-grace-tissus\">Parure \u00c9l\u00e9gance Florale \u2013 Cr\u00e9ation AGT | \u00c2me Gr\u00e2ce Tissus | Amazing golden turf (tpopsite.com)<\/a><\/p>\n\n\n\n<figure class=\"wp-block-gallery has-nested-images columns-default is-cropped wp-block-gallery-2 is-layout-flex wp-block-gallery-is-layout-flex\">\n<figure class=\"wp-block-image size-large\"><img loading=\"lazy\" decoding=\"async\" width=\"768\" height=\"1024\" data-id=\"1380\" src=\"https:\/\/lanaturedefelia.fr\/wp-content\/uploads\/2025\/09\/20250811_170030125_iOS-768x1024.jpg\" alt=\"\" class=\"wp-image-1380\" srcset=\"https:\/\/lanaturedefelia.fr\/wp-content\/uploads\/2025\/09\/20250811_170030125_iOS-768x1024.jpg 768w, https:\/\/lanaturedefelia.fr\/wp-content\/uploads\/2025\/09\/20250811_170030125_iOS-225x300.jpg 225w, https:\/\/lanaturedefelia.fr\/wp-content\/uploads\/2025\/09\/20250811_170030125_iOS-1152x1536.jpg 1152w, https:\/\/lanaturedefelia.fr\/wp-content\/uploads\/2025\/09\/20250811_170030125_iOS-1536x2048.jpg 1536w, https:\/\/lanaturedefelia.fr\/wp-content\/uploads\/2025\/09\/20250811_170030125_iOS-scaled.jpg 1920w\" sizes=\"auto, (max-width: 768px) 100vw, 768px\" \/><\/figure>\n\n\n\n<figure class=\"wp-block-image size-large\"><img loading=\"lazy\" decoding=\"async\" width=\"768\" height=\"1024\" data-id=\"1381\" src=\"https:\/\/lanaturedefelia.fr\/wp-content\/uploads\/2025\/09\/20250811_170144975_iOS-768x1024.jpg\" alt=\"\" class=\"wp-image-1381\" srcset=\"https:\/\/lanaturedefelia.fr\/wp-content\/uploads\/2025\/09\/20250811_170144975_iOS-768x1024.jpg 768w, https:\/\/lanaturedefelia.fr\/wp-content\/uploads\/2025\/09\/20250811_170144975_iOS-225x300.jpg 225w, https:\/\/lanaturedefelia.fr\/wp-content\/uploads\/2025\/09\/20250811_170144975_iOS-1152x1536.jpg 1152w, https:\/\/lanaturedefelia.fr\/wp-content\/uploads\/2025\/09\/20250811_170144975_iOS-1536x2048.jpg 1536w, https:\/\/lanaturedefelia.fr\/wp-content\/uploads\/2025\/09\/20250811_170144975_iOS-scaled.jpg 1920w\" sizes=\"auto, (max-width: 768px) 100vw, 768px\" \/><\/figure>\n\n\n\n<figure class=\"wp-block-image size-large\"><img loading=\"lazy\" decoding=\"async\" width=\"768\" height=\"1024\" data-id=\"1382\" src=\"https:\/\/lanaturedefelia.fr\/wp-content\/uploads\/2025\/09\/20250812_140623845_iOS-768x1024.jpg\" alt=\"\" class=\"wp-image-1382\" srcset=\"https:\/\/lanaturedefelia.fr\/wp-content\/uploads\/2025\/09\/20250812_140623845_iOS-768x1024.jpg 768w, https:\/\/lanaturedefelia.fr\/wp-content\/uploads\/2025\/09\/20250812_140623845_iOS-225x300.jpg 225w, https:\/\/lanaturedefelia.fr\/wp-content\/uploads\/2025\/09\/20250812_140623845_iOS-1152x1536.jpg 1152w, https:\/\/lanaturedefelia.fr\/wp-content\/uploads\/2025\/09\/20250812_140623845_iOS-1536x2048.jpg 1536w, https:\/\/lanaturedefelia.fr\/wp-content\/uploads\/2025\/09\/20250812_140623845_iOS-scaled.jpg 1920w\" sizes=\"auto, (max-width: 768px) 100vw, 768px\" \/><\/figure>\n<\/figure>\n","protected":false},"excerpt":{"rendered":"<p>Sur cette page, je vous invite \u00e0 d\u00e9couvrir mes cr\u00e9ations uniques de bijoux r\u00e9alis\u00e9s enti\u00e8rement \u00e0 la main en tissus recycl\u00e9s.Chaque pi\u00e8ce est con\u00e7ue avec soin pour apporter une touche [&hellip;]<\/p>\n","protected":false},"author":2,"featured_media":0,"parent":16,"menu_order":3,"comment_status":"closed","ping_status":"closed","template":"","meta":{"om_disable_all_campaigns":false,"_monsterinsights_skip_tracking":false,"_monsterinsights_sitenote_active":false,"_monsterinsights_sitenote_note":"","_monsterinsights_sitenote_category":0,"footnotes":""},"class_list":["post-1117","page","type-page","status-publish","hentry"],"aioseo_notices":[],"_links":{"self":[{"href":"https:\/\/lanaturedefelia.fr\/index.php?rest_route=\/wp\/v2\/pages\/1117","targetHints":{"allow":["GET"]}}],"collection":[{"href":"https:\/\/lanaturedefelia.fr\/index.php?rest_route=\/wp\/v2\/pages"}],"about":[{"href":"https:\/\/lanaturedefelia.fr\/index.php?rest_route=\/wp\/v2\/types\/page"}],"author":[{"embeddable":true,"href":"https:\/\/lanaturedefelia.fr\/index.php?rest_route=\/wp\/v2\/users\/2"}],"replies":[{"embeddable":true,"href":"https:\/\/lanaturedefelia.fr\/index.php?rest_route=%2Fwp%2Fv2%2Fcomments&post=1117"}],"version-history":[{"count":9,"href":"https:\/\/lanaturedefelia.fr\/index.php?rest_route=\/wp\/v2\/pages\/1117\/revisions"}],"predecessor-version":[{"id":1383,"href":"https:\/\/lanaturedefelia.fr\/index.php?rest_route=\/wp\/v2\/pages\/1117\/revisions\/1383"}],"up":[{"embeddable":true,"href":"https:\/\/lanaturedefelia.fr\/index.php?rest_route=\/wp\/v2\/pages\/16"}],"wp:attachment":[{"href":"https:\/\/lanaturedefelia.fr\/index.php?rest_route=%2Fwp%2Fv2%2Fmedia&parent=1117"}],"curies":[{"name":"wp","href":"https:\/\/api.w.org\/{rel}","templated":true}]}}