{"id":379,"date":"2022-12-23T11:48:37","date_gmt":"2022-12-23T10:48:37","guid":{"rendered":"https:\/\/lanaturedefelia.fr\/?page_id=379"},"modified":"2025-07-23T13:25:52","modified_gmt":"2025-07-23T12:25:52","slug":"bouquet-fleurs-et-fausses-plantes","status":"publish","type":"page","link":"https:\/\/lanaturedefelia.fr\/?page_id=379","title":{"rendered":"\ud83c\udf38 Bouquets de fleurs &amp; Fausses plantes"},"content":{"rendered":"\n<p>Sur cette page, je vous pr\u00e9sente mes cr\u00e9ations uniques de <strong>bouquets de fleurs<\/strong> et de <strong>fausses plantes<\/strong>, r\u00e9alis\u00e9es \u00e0 partir de mat\u00e9riaux r\u00e9cup\u00e9r\u00e9s et recycl\u00e9s, sublim\u00e9s par la couleur et la texture.<\/p>\n\n\n\n<p>Parmi mes bouquets, vous trouverez des fleurs d\u00e9licates et color\u00e9es telles que :<\/p>\n\n\n\n<ul class=\"wp-block-list\">\n<li>Roses, tulipes, lys, lavande \u2014 fabriqu\u00e9es en tapisserie ou avec de vieux intercalaires.<\/li>\n\n\n\n<li>\u00c9pis de bl\u00e9 cr\u00e9\u00e9s \u00e0 partir de coques de pistaches.<\/li>\n\n\n\n<li>Et bient\u00f4t, la douceur du coquelicot viendra compl\u00e9ter cette collection.<\/li>\n<\/ul>\n\n\n\n<p>Les fleurs peuvent \u00eatre propos\u00e9es en bouquets ou \u00e0 l\u2019unit\u00e9, dans des couleurs vives et \u00e9clatantes.<\/p>\n\n\n\n<p>C\u00f4t\u00e9 fausses plantes, je travaille plusieurs techniques et mat\u00e9riaux :<\/p>\n\n\n\n<ul class=\"wp-block-list\">\n<li>Plantes vertes en papier scotch\u00e9 et peint, comme la sansevi\u00e8re (hauteur environ 5 cm ou 9 cm), la calath\u00e9a (18 cm), ou l\u2019anthurium (20 cm).<\/li>\n\n\n\n<li>Fausses plantes en cannettes recycl\u00e9es, peintes avec plusieurs couches pour un rendu unique, comme le monstera (25 cm) ou l\u2019orchid\u00e9e (35 cm).<\/li>\n<\/ul>\n\n\n\n<p>Je propose \u00e9galement des cr\u00e9ations sur mesure, \u00e0 la demande, en tissu ou \u00e0 partir de vieux intercalaires cartonn\u00e9s, pour r\u00e9pondre \u00e0 vos envies et besoins.<\/p>\n\n\n\n<p>Si vous \u00eates int\u00e9ress\u00e9e, n\u2019h\u00e9sitez pas \u00e0 demander un bon de commande pour personnaliser votre bouquet ou plante.<\/p>\n\n\n\n<figure class=\"wp-block-gallery has-nested-images columns-default is-cropped wp-block-gallery-1 is-layout-flex wp-block-gallery-is-layout-flex\">\n<figure class=\"wp-block-image size-large\"><img loading=\"lazy\" decoding=\"async\" width=\"1024\" height=\"1024\" data-id=\"1207\" src=\"https:\/\/lanaturedefelia.fr\/wp-content\/uploads\/2025\/02\/20250204_143553381_iOS-1024x1024.jpg\" alt=\"\" class=\"wp-image-1207\" srcset=\"https:\/\/lanaturedefelia.fr\/wp-content\/uploads\/2025\/02\/20250204_143553381_iOS-1024x1024.jpg 1024w, https:\/\/lanaturedefelia.fr\/wp-content\/uploads\/2025\/02\/20250204_143553381_iOS-300x300.jpg 300w, https:\/\/lanaturedefelia.fr\/wp-content\/uploads\/2025\/02\/20250204_143553381_iOS-150x150.jpg 150w, https:\/\/lanaturedefelia.fr\/wp-content\/uploads\/2025\/02\/20250204_143553381_iOS-768x769.jpg 768w, https:\/\/lanaturedefelia.fr\/wp-content\/uploads\/2025\/02\/20250204_143553381_iOS-1536x1536.jpg 1536w, https:\/\/lanaturedefelia.fr\/wp-content\/uploads\/2025\/02\/20250204_143553381_iOS-2048x2048.jpg 2048w\" sizes=\"auto, (max-width: 1024px) 100vw, 1024px\" \/><\/figure>\n\n\n\n<figure class=\"wp-block-image size-large\"><img loading=\"lazy\" decoding=\"async\" width=\"556\" height=\"1024\" data-id=\"1206\" src=\"https:\/\/lanaturedefelia.fr\/wp-content\/uploads\/2025\/02\/20250204_145831143_iOS-556x1024.jpg\" alt=\"\" class=\"wp-image-1206\" srcset=\"https:\/\/lanaturedefelia.fr\/wp-content\/uploads\/2025\/02\/20250204_145831143_iOS-556x1024.jpg 556w, https:\/\/lanaturedefelia.fr\/wp-content\/uploads\/2025\/02\/20250204_145831143_iOS-163x300.jpg 163w, https:\/\/lanaturedefelia.fr\/wp-content\/uploads\/2025\/02\/20250204_145831143_iOS-768x1413.jpg 768w, https:\/\/lanaturedefelia.fr\/wp-content\/uploads\/2025\/02\/20250204_145831143_iOS-835x1536.jpg 835w, https:\/\/lanaturedefelia.fr\/wp-content\/uploads\/2025\/02\/20250204_145831143_iOS-1113x2048.jpg 1113w, https:\/\/lanaturedefelia.fr\/wp-content\/uploads\/2025\/02\/20250204_145831143_iOS-scaled.jpg 1391w\" sizes=\"auto, (max-width: 556px) 100vw, 556px\" \/><\/figure>\n\n\n\n<figure class=\"wp-block-image size-large\"><img loading=\"lazy\" decoding=\"async\" width=\"1024\" height=\"981\" data-id=\"1209\" src=\"https:\/\/lanaturedefelia.fr\/wp-content\/uploads\/2025\/02\/20250204_150840109_iOS-1024x981.jpg\" alt=\"\" class=\"wp-image-1209\" srcset=\"https:\/\/lanaturedefelia.fr\/wp-content\/uploads\/2025\/02\/20250204_150840109_iOS-1024x981.jpg 1024w, https:\/\/lanaturedefelia.fr\/wp-content\/uploads\/2025\/02\/20250204_150840109_iOS-300x287.jpg 300w, https:\/\/lanaturedefelia.fr\/wp-content\/uploads\/2025\/02\/20250204_150840109_iOS-768x736.jpg 768w, https:\/\/lanaturedefelia.fr\/wp-content\/uploads\/2025\/02\/20250204_150840109_iOS-1536x1471.jpg 1536w, https:\/\/lanaturedefelia.fr\/wp-content\/uploads\/2025\/02\/20250204_150840109_iOS-2048x1962.jpg 2048w\" sizes=\"auto, (max-width: 1024px) 100vw, 1024px\" \/><\/figure>\n\n\n\n<figure class=\"wp-block-image size-large\"><img loading=\"lazy\" decoding=\"async\" width=\"884\" height=\"1024\" data-id=\"1205\" src=\"https:\/\/lanaturedefelia.fr\/wp-content\/uploads\/2025\/02\/20250204_151606756_iOS-884x1024.jpg\" alt=\"\" class=\"wp-image-1205\" srcset=\"https:\/\/lanaturedefelia.fr\/wp-content\/uploads\/2025\/02\/20250204_151606756_iOS-884x1024.jpg 884w, https:\/\/lanaturedefelia.fr\/wp-content\/uploads\/2025\/02\/20250204_151606756_iOS-259x300.jpg 259w, https:\/\/lanaturedefelia.fr\/wp-content\/uploads\/2025\/02\/20250204_151606756_iOS-768x889.jpg 768w, https:\/\/lanaturedefelia.fr\/wp-content\/uploads\/2025\/02\/20250204_151606756_iOS-1326x1536.jpg 1326w, https:\/\/lanaturedefelia.fr\/wp-content\/uploads\/2025\/02\/20250204_151606756_iOS-1768x2048.jpg 1768w\" sizes=\"auto, (max-width: 884px) 100vw, 884px\" \/><\/figure>\n\n\n\n<figure class=\"wp-block-image size-large\"><img loading=\"lazy\" decoding=\"async\" width=\"1024\" height=\"943\" data-id=\"1208\" src=\"https:\/\/lanaturedefelia.fr\/wp-content\/uploads\/2025\/02\/20250204_151722727_iOS-1024x943.jpg\" alt=\"\" class=\"wp-image-1208\" srcset=\"https:\/\/lanaturedefelia.fr\/wp-content\/uploads\/2025\/02\/20250204_151722727_iOS-1024x943.jpg 1024w, https:\/\/lanaturedefelia.fr\/wp-content\/uploads\/2025\/02\/20250204_151722727_iOS-300x276.jpg 300w, https:\/\/lanaturedefelia.fr\/wp-content\/uploads\/2025\/02\/20250204_151722727_iOS-768x708.jpg 768w, https:\/\/lanaturedefelia.fr\/wp-content\/uploads\/2025\/02\/20250204_151722727_iOS-1536x1415.jpg 1536w, https:\/\/lanaturedefelia.fr\/wp-content\/uploads\/2025\/02\/20250204_151722727_iOS-2048x1887.jpg 2048w\" sizes=\"auto, (max-width: 1024px) 100vw, 1024px\" \/><\/figure>\n\n\n\n<figure class=\"wp-block-image size-large\"><img loading=\"lazy\" decoding=\"async\" width=\"768\" height=\"1024\" data-id=\"1214\" src=\"https:\/\/lanaturedefelia.fr\/wp-content\/uploads\/2025\/02\/20240227_165823632_iOS-768x1024.jpg\" alt=\"\" class=\"wp-image-1214\" srcset=\"https:\/\/lanaturedefelia.fr\/wp-content\/uploads\/2025\/02\/20240227_165823632_iOS-768x1024.jpg 768w, https:\/\/lanaturedefelia.fr\/wp-content\/uploads\/2025\/02\/20240227_165823632_iOS-225x300.jpg 225w, https:\/\/lanaturedefelia.fr\/wp-content\/uploads\/2025\/02\/20240227_165823632_iOS-1152x1536.jpg 1152w, https:\/\/lanaturedefelia.fr\/wp-content\/uploads\/2025\/02\/20240227_165823632_iOS-1536x2048.jpg 1536w, https:\/\/lanaturedefelia.fr\/wp-content\/uploads\/2025\/02\/20240227_165823632_iOS-scaled.jpg 1920w\" sizes=\"auto, (max-width: 768px) 100vw, 768px\" \/><\/figure>\n\n\n\n<figure class=\"wp-block-image size-large\"><img loading=\"lazy\" decoding=\"async\" width=\"800\" height=\"1024\" data-id=\"1212\" src=\"https:\/\/lanaturedefelia.fr\/wp-content\/uploads\/2025\/02\/20240307_170323253_iOS-1-800x1024.jpg\" alt=\"\" class=\"wp-image-1212\" srcset=\"https:\/\/lanaturedefelia.fr\/wp-content\/uploads\/2025\/02\/20240307_170323253_iOS-1-800x1024.jpg 800w, https:\/\/lanaturedefelia.fr\/wp-content\/uploads\/2025\/02\/20240307_170323253_iOS-1-234x300.jpg 234w, https:\/\/lanaturedefelia.fr\/wp-content\/uploads\/2025\/02\/20240307_170323253_iOS-1-768x983.jpg 768w, https:\/\/lanaturedefelia.fr\/wp-content\/uploads\/2025\/02\/20240307_170323253_iOS-1-1200x1536.jpg 1200w, https:\/\/lanaturedefelia.fr\/wp-content\/uploads\/2025\/02\/20240307_170323253_iOS-1.jpg 1393w\" sizes=\"auto, (max-width: 800px) 100vw, 800px\" \/><\/figure>\n\n\n\n<figure class=\"wp-block-image size-large\"><img loading=\"lazy\" decoding=\"async\" width=\"673\" height=\"1024\" data-id=\"1213\" src=\"https:\/\/lanaturedefelia.fr\/wp-content\/uploads\/2025\/02\/20240503_181851390_iOS-673x1024.jpg\" alt=\"\" class=\"wp-image-1213\" srcset=\"https:\/\/lanaturedefelia.fr\/wp-content\/uploads\/2025\/02\/20240503_181851390_iOS-673x1024.jpg 673w, https:\/\/lanaturedefelia.fr\/wp-content\/uploads\/2025\/02\/20240503_181851390_iOS-197x300.jpg 197w, https:\/\/lanaturedefelia.fr\/wp-content\/uploads\/2025\/02\/20240503_181851390_iOS-768x1168.jpg 768w, https:\/\/lanaturedefelia.fr\/wp-content\/uploads\/2025\/02\/20240503_181851390_iOS-1010x1536.jpg 1010w, https:\/\/lanaturedefelia.fr\/wp-content\/uploads\/2025\/02\/20240503_181851390_iOS-1346x2048.jpg 1346w, https:\/\/lanaturedefelia.fr\/wp-content\/uploads\/2025\/02\/20240503_181851390_iOS-scaled.jpg 1683w\" sizes=\"auto, (max-width: 673px) 100vw, 673px\" \/><\/figure>\n\n\n\n<figure class=\"wp-block-image size-large\"><img loading=\"lazy\" decoding=\"async\" width=\"842\" height=\"1024\" data-id=\"1216\" src=\"https:\/\/lanaturedefelia.fr\/wp-content\/uploads\/2025\/02\/20240130_112655131_iOS-1-842x1024.jpg\" alt=\"\" class=\"wp-image-1216\" srcset=\"https:\/\/lanaturedefelia.fr\/wp-content\/uploads\/2025\/02\/20240130_112655131_iOS-1-842x1024.jpg 842w, https:\/\/lanaturedefelia.fr\/wp-content\/uploads\/2025\/02\/20240130_112655131_iOS-1-247x300.jpg 247w, https:\/\/lanaturedefelia.fr\/wp-content\/uploads\/2025\/02\/20240130_112655131_iOS-1-768x934.jpg 768w, https:\/\/lanaturedefelia.fr\/wp-content\/uploads\/2025\/02\/20240130_112655131_iOS-1-1263x1536.jpg 1263w, https:\/\/lanaturedefelia.fr\/wp-content\/uploads\/2025\/02\/20240130_112655131_iOS-1-1683x2048.jpg 1683w, https:\/\/lanaturedefelia.fr\/wp-content\/uploads\/2025\/02\/20240130_112655131_iOS-1.jpg 1741w\" sizes=\"auto, (max-width: 842px) 100vw, 842px\" \/><\/figure>\n\n\n\n<figure class=\"wp-block-image\"><img decoding=\"async\" src=\"blob:https:\/\/lanaturedefelia.fr\/27d56f8c-3240-4515-9264-a6a487dfa8f5\" alt=\"\"\/><\/figure>\n<\/figure>\n\n\n\n<p><\/p>\n\n\n\n<p><\/p>\n","protected":false},"excerpt":{"rendered":"<p>Sur cette page, je vous pr\u00e9sente mes cr\u00e9ations uniques de bouquets de fleurs et de fausses plantes, r\u00e9alis\u00e9es \u00e0 partir de mat\u00e9riaux r\u00e9cup\u00e9r\u00e9s et recycl\u00e9s, sublim\u00e9s par la couleur et [&hellip;]<\/p>\n","protected":false},"author":1,"featured_media":0,"parent":16,"menu_order":2,"comment_status":"closed","ping_status":"closed","template":"","meta":{"om_disable_all_campaigns":false,"_monsterinsights_skip_tracking":false,"_monsterinsights_sitenote_active":false,"_monsterinsights_sitenote_note":"","_monsterinsights_sitenote_category":0,"footnotes":""},"class_list":["post-379","page","type-page","status-publish","hentry"],"aioseo_notices":[],"_links":{"self":[{"href":"https:\/\/lanaturedefelia.fr\/index.php?rest_route=\/wp\/v2\/pages\/379","targetHints":{"allow":["GET"]}}],"collection":[{"href":"https:\/\/lanaturedefelia.fr\/index.php?rest_route=\/wp\/v2\/pages"}],"about":[{"href":"https:\/\/lanaturedefelia.fr\/index.php?rest_route=\/wp\/v2\/types\/page"}],"author":[{"embeddable":true,"href":"https:\/\/lanaturedefelia.fr\/index.php?rest_route=\/wp\/v2\/users\/1"}],"replies":[{"embeddable":true,"href":"https:\/\/lanaturedefelia.fr\/index.php?rest_route=%2Fwp%2Fv2%2Fcomments&post=379"}],"version-history":[{"count":14,"href":"https:\/\/lanaturedefelia.fr\/index.php?rest_route=\/wp\/v2\/pages\/379\/revisions"}],"predecessor-version":[{"id":1362,"href":"https:\/\/lanaturedefelia.fr\/index.php?rest_route=\/wp\/v2\/pages\/379\/revisions\/1362"}],"up":[{"embeddable":true,"href":"https:\/\/lanaturedefelia.fr\/index.php?rest_route=\/wp\/v2\/pages\/16"}],"wp:attachment":[{"href":"https:\/\/lanaturedefelia.fr\/index.php?rest_route=%2Fwp%2Fv2%2Fmedia&parent=379"}],"curies":[{"name":"wp","href":"https:\/\/api.w.org\/{rel}","templated":true}]}}