{"id":403,"date":"2022-12-23T14:57:59","date_gmt":"2022-12-23T13:57:59","guid":{"rendered":"https:\/\/lanaturedefelia.fr\/?page_id=403"},"modified":"2023-03-24T19:49:58","modified_gmt":"2023-03-24T18:49:58","slug":"creations-en-papier-mache-recup","status":"publish","type":"page","link":"https:\/\/lanaturedefelia.fr\/?page_id=403","title":{"rendered":"Atelier Art plastique"},"content":{"rendered":"<ul class=\"list-pages-shortcode child-pages\"><li class=\"page_item page-item-638\"><a href=\"https:\/\/lanaturedefelia.fr\/?page_id=638\">\u00a0Atelier Cr\u00e9ation &#8211; L&rsquo;\u00c9toile de l&rsquo;\u00c2me en Origami 3D<\/a><\/li>\n<li class=\"page_item page-item-415\"><a href=\"https:\/\/lanaturedefelia.fr\/?page_id=415\">\u00a0Atelier Couronne de Roses &#8211; Incarnez votre Souverainet\u00e9<\/a><\/li>\n<\/ul>\n","protected":false},"excerpt":{"rendered":"","protected":false},"author":1,"featured_media":0,"parent":18,"menu_order":0,"comment_status":"closed","ping_status":"closed","template":"","meta":{"om_disable_all_campaigns":false,"_monsterinsights_skip_tracking":false,"_monsterinsights_sitenote_active":false,"_monsterinsights_sitenote_note":"","_monsterinsights_sitenote_category":0,"footnotes":""},"class_list":["post-403","page","type-page","status-publish","hentry"],"aioseo_notices":[],"_links":{"self":[{"href":"https:\/\/lanaturedefelia.fr\/index.php?rest_route=\/wp\/v2\/pages\/403","targetHints":{"allow":["GET"]}}],"collection":[{"href":"https:\/\/lanaturedefelia.fr\/index.php?rest_route=\/wp\/v2\/pages"}],"about":[{"href":"https:\/\/lanaturedefelia.fr\/index.php?rest_route=\/wp\/v2\/types\/page"}],"author":[{"embeddable":true,"href":"https:\/\/lanaturedefelia.fr\/index.php?rest_route=\/wp\/v2\/users\/1"}],"replies":[{"embeddable":true,"href":"https:\/\/lanaturedefelia.fr\/index.php?rest_route=%2Fwp%2Fv2%2Fcomments&post=403"}],"version-history":[{"count":3,"href":"https:\/\/lanaturedefelia.fr\/index.php?rest_route=\/wp\/v2\/pages\/403\/revisions"}],"predecessor-version":[{"id":753,"href":"https:\/\/lanaturedefelia.fr\/index.php?rest_route=\/wp\/v2\/pages\/403\/revisions\/753"}],"up":[{"embeddable":true,"href":"https:\/\/lanaturedefelia.fr\/index.php?rest_route=\/wp\/v2\/pages\/18"}],"wp:attachment":[{"href":"https:\/\/lanaturedefelia.fr\/index.php?rest_route=%2Fwp%2Fv2%2Fmedia&parent=403"}],"curies":[{"name":"wp","href":"https:\/\/api.w.org\/{rel}","templated":true}]}}