{"id":425,"date":"2022-12-23T15:16:46","date_gmt":"2022-12-23T14:16:46","guid":{"rendered":"https:\/\/lanaturedefelia.fr\/?page_id=425"},"modified":"2023-06-17T22:09:00","modified_gmt":"2023-06-17T21:09:00","slug":"creations-couronne-naturelle-noel-recup","status":"publish","type":"page","link":"https:\/\/lanaturedefelia.fr\/?page_id=425","title":{"rendered":"Ateliers Art Th\u00e9rapie"},"content":{"rendered":"\n<p>Une s\u00e9ance permet d\u2019exprimer ce que vous avez au fond de vous en utilisant une pratique artistique pastel sec , peinture, collage et expression \u00e9crite<\/p>\n\n\n\n<p>Un th\u00e8me d\u00e9fini ensemble. Chacun cr\u00e9e un \u00e9l\u00e9ment<\/p>\n\n\n\n<p>Parents-enfants, Collectif ou Individuelle possibilit\u00e9 analyse \u00e0 la demande<\/p>\n\n\n\n<p>Public : Tout public, de 5 \u00e0 77 ans. A domicile , EHPAD,MJC et autre  8 participants max.<\/p>\n\n\n\n<p>Dur\u00e9e : 2 demie- journ\u00e9e (en fonction du groupe ) une personnes seul c&rsquo;est environ 3h D\u00e9fini ensemble <\/p>\n\n\n\n<p>Moyens techniques \/ \u00c0 pr\u00e9voir : Salle avec tables et<br>chaises, un point d&rsquo;eau. Pr\u00e9voir un v\u00eatement protecteur<br>(blouse ou autre), trousse crayon, gomme, <br>ciseaux, pinceaux. Le mat\u00e9riel est fournie (peinture , pastel sec..)<\/p>\n\n\n\n<p>Tarif : <strong>devis \u00e0 demander en fonction de la demande<\/strong><\/p>\n\n\n\n<div class=\"wp-block-buttons is-layout-flex wp-block-buttons-is-layout-flex\">\n<div class=\"wp-block-button\"><a class=\"wp-block-button__link wp-element-button\" href=\"https:\/\/lanaturedefelia.fr\/?page_id=496\">Me contacter <\/a><\/div>\n<\/div>\n\n\n\n<div class=\"wp-block-group\"><div class=\"wp-block-group__inner-container is-layout-constrained wp-block-group-is-layout-constrained\">\n<figure class=\"wp-block-gallery has-nested-images columns-default is-cropped wp-block-gallery-1 is-layout-flex wp-block-gallery-is-layout-flex\">\n<figure class=\"wp-block-image size-large\"><img loading=\"lazy\" decoding=\"async\" width=\"1024\" height=\"851\" data-id=\"805\" src=\"https:\/\/lanaturedefelia.fr\/wp-content\/uploads\/2023\/04\/Dessin-1-emotion--1024x851.jpg\" alt=\"\" class=\"wp-image-805\" srcset=\"https:\/\/lanaturedefelia.fr\/wp-content\/uploads\/2023\/04\/Dessin-1-emotion--1024x851.jpg 1024w, https:\/\/lanaturedefelia.fr\/wp-content\/uploads\/2023\/04\/Dessin-1-emotion--300x249.jpg 300w, https:\/\/lanaturedefelia.fr\/wp-content\/uploads\/2023\/04\/Dessin-1-emotion--768x638.jpg 768w, https:\/\/lanaturedefelia.fr\/wp-content\/uploads\/2023\/04\/Dessin-1-emotion--1536x1276.jpg 1536w, https:\/\/lanaturedefelia.fr\/wp-content\/uploads\/2023\/04\/Dessin-1-emotion-.jpg 1619w\" sizes=\"auto, (max-width: 1024px) 100vw, 1024px\" \/><figcaption class=\"wp-element-caption\">Dessin sur les \u00e9motions <\/figcaption><\/figure>\n\n\n\n<figure class=\"wp-block-image size-large\"><img loading=\"lazy\" decoding=\"async\" width=\"1024\" height=\"670\" data-id=\"804\" src=\"https:\/\/lanaturedefelia.fr\/wp-content\/uploads\/2023\/04\/20220311_182805071_iOS-1024x670.jpg\" alt=\"\" class=\"wp-image-804\" srcset=\"https:\/\/lanaturedefelia.fr\/wp-content\/uploads\/2023\/04\/20220311_182805071_iOS-1024x670.jpg 1024w, https:\/\/lanaturedefelia.fr\/wp-content\/uploads\/2023\/04\/20220311_182805071_iOS-300x196.jpg 300w, https:\/\/lanaturedefelia.fr\/wp-content\/uploads\/2023\/04\/20220311_182805071_iOS-768x502.jpg 768w, https:\/\/lanaturedefelia.fr\/wp-content\/uploads\/2023\/04\/20220311_182805071_iOS-1536x1004.jpg 1536w, https:\/\/lanaturedefelia.fr\/wp-content\/uploads\/2023\/04\/20220311_182805071_iOS-2048x1339.jpg 2048w\" sizes=\"auto, (max-width: 1024px) 100vw, 1024px\" \/><figcaption class=\"wp-element-caption\">Collage accueille f\u00e9minin <\/figcaption><\/figure>\n\n\n\n<figure class=\"wp-block-image size-large\"><img loading=\"lazy\" decoding=\"async\" width=\"768\" height=\"1024\" data-id=\"785\" src=\"https:\/\/lanaturedefelia.fr\/wp-content\/uploads\/2023\/04\/IMG_20190303_174203-768x1024.jpg\" alt=\"\" class=\"wp-image-785\" srcset=\"https:\/\/lanaturedefelia.fr\/wp-content\/uploads\/2023\/04\/IMG_20190303_174203-768x1024.jpg 768w, https:\/\/lanaturedefelia.fr\/wp-content\/uploads\/2023\/04\/IMG_20190303_174203-225x300.jpg 225w, https:\/\/lanaturedefelia.fr\/wp-content\/uploads\/2023\/04\/IMG_20190303_174203-1152x1536.jpg 1152w, https:\/\/lanaturedefelia.fr\/wp-content\/uploads\/2023\/04\/IMG_20190303_174203-1536x2048.jpg 1536w, https:\/\/lanaturedefelia.fr\/wp-content\/uploads\/2023\/04\/IMG_20190303_174203-scaled.jpg 1920w\" sizes=\"auto, (max-width: 768px) 100vw, 768px\" \/><figcaption class=\"wp-element-caption\">L&rsquo;arbre de l&rsquo;abondance dessin collectif pendant formation <\/figcaption><\/figure>\n\n\n\n<figure class=\"wp-block-image size-large\"><img loading=\"lazy\" decoding=\"async\" width=\"1024\" height=\"686\" data-id=\"784\" src=\"https:\/\/lanaturedefelia.fr\/wp-content\/uploads\/2023\/04\/IMG_20190314_120034-1024x686.jpg\" alt=\"\" class=\"wp-image-784\" srcset=\"https:\/\/lanaturedefelia.fr\/wp-content\/uploads\/2023\/04\/IMG_20190314_120034-1024x686.jpg 1024w, https:\/\/lanaturedefelia.fr\/wp-content\/uploads\/2023\/04\/IMG_20190314_120034-300x201.jpg 300w, https:\/\/lanaturedefelia.fr\/wp-content\/uploads\/2023\/04\/IMG_20190314_120034-768x514.jpg 768w, https:\/\/lanaturedefelia.fr\/wp-content\/uploads\/2023\/04\/IMG_20190314_120034-1536x1029.jpg 1536w, https:\/\/lanaturedefelia.fr\/wp-content\/uploads\/2023\/04\/IMG_20190314_120034-2048x1372.jpg 2048w\" sizes=\"auto, (max-width: 1024px) 100vw, 1024px\" \/><figcaption class=\"wp-element-caption\">Dessin abondance <\/figcaption><\/figure>\n\n\n\n<figure class=\"wp-block-image size-large\"><img loading=\"lazy\" decoding=\"async\" width=\"1024\" height=\"810\" data-id=\"783\" src=\"https:\/\/lanaturedefelia.fr\/wp-content\/uploads\/2023\/04\/WP_20170129_008-1-1024x810.jpg\" alt=\"\" class=\"wp-image-783\" srcset=\"https:\/\/lanaturedefelia.fr\/wp-content\/uploads\/2023\/04\/WP_20170129_008-1-1024x810.jpg 1024w, https:\/\/lanaturedefelia.fr\/wp-content\/uploads\/2023\/04\/WP_20170129_008-1-300x237.jpg 300w, https:\/\/lanaturedefelia.fr\/wp-content\/uploads\/2023\/04\/WP_20170129_008-1-768x608.jpg 768w, https:\/\/lanaturedefelia.fr\/wp-content\/uploads\/2023\/04\/WP_20170129_008-1-1536x1215.jpg 1536w, https:\/\/lanaturedefelia.fr\/wp-content\/uploads\/2023\/04\/WP_20170129_008-1.jpg 1743w\" sizes=\"auto, (max-width: 1024px) 100vw, 1024px\" \/><figcaption class=\"wp-element-caption\">Dessin du pardon <\/figcaption><\/figure>\n\n\n\n<figure class=\"wp-block-image size-large\"><img loading=\"lazy\" decoding=\"async\" width=\"1024\" height=\"797\" data-id=\"782\" src=\"https:\/\/lanaturedefelia.fr\/wp-content\/uploads\/2023\/04\/WP_20180909_17_12_15_Pro-2-1024x797.jpg\" alt=\"\" class=\"wp-image-782\" srcset=\"https:\/\/lanaturedefelia.fr\/wp-content\/uploads\/2023\/04\/WP_20180909_17_12_15_Pro-2-1024x797.jpg 1024w, https:\/\/lanaturedefelia.fr\/wp-content\/uploads\/2023\/04\/WP_20180909_17_12_15_Pro-2-300x234.jpg 300w, https:\/\/lanaturedefelia.fr\/wp-content\/uploads\/2023\/04\/WP_20180909_17_12_15_Pro-2-768x598.jpg 768w, https:\/\/lanaturedefelia.fr\/wp-content\/uploads\/2023\/04\/WP_20180909_17_12_15_Pro-2-1536x1196.jpg 1536w, https:\/\/lanaturedefelia.fr\/wp-content\/uploads\/2023\/04\/WP_20180909_17_12_15_Pro-2.jpg 1586w\" sizes=\"auto, (max-width: 1024px) 100vw, 1024px\" \/><figcaption class=\"wp-element-caption\">cr\u00e9ation collectif formation lotus <\/figcaption><\/figure>\n<\/figure>\n<\/div><\/div>\n\n\n\n<figure class=\"wp-block-gallery has-nested-images columns-default is-cropped wp-block-gallery-2 is-layout-flex wp-block-gallery-is-layout-flex\"><\/figure>\n","protected":false},"excerpt":{"rendered":"<p>Une s\u00e9ance permet d\u2019exprimer ce que vous avez au fond de vous en utilisant une pratique artistique pastel sec , peinture, collage et expression \u00e9crite Un th\u00e8me d\u00e9fini ensemble. Chacun [&hellip;]<\/p>\n","protected":false},"author":1,"featured_media":0,"parent":18,"menu_order":1,"comment_status":"closed","ping_status":"closed","template":"","meta":{"om_disable_all_campaigns":false,"_monsterinsights_skip_tracking":false,"_monsterinsights_sitenote_active":false,"_monsterinsights_sitenote_note":"","_monsterinsights_sitenote_category":0,"footnotes":""},"class_list":["post-425","page","type-page","status-publish","hentry"],"aioseo_notices":[],"_links":{"self":[{"href":"https:\/\/lanaturedefelia.fr\/index.php?rest_route=\/wp\/v2\/pages\/425","targetHints":{"allow":["GET"]}}],"collection":[{"href":"https:\/\/lanaturedefelia.fr\/index.php?rest_route=\/wp\/v2\/pages"}],"about":[{"href":"https:\/\/lanaturedefelia.fr\/index.php?rest_route=\/wp\/v2\/types\/page"}],"author":[{"embeddable":true,"href":"https:\/\/lanaturedefelia.fr\/index.php?rest_route=\/wp\/v2\/users\/1"}],"replies":[{"embeddable":true,"href":"https:\/\/lanaturedefelia.fr\/index.php?rest_route=%2Fwp%2Fv2%2Fcomments&post=425"}],"version-history":[{"count":10,"href":"https:\/\/lanaturedefelia.fr\/index.php?rest_route=\/wp\/v2\/pages\/425\/revisions"}],"predecessor-version":[{"id":905,"href":"https:\/\/lanaturedefelia.fr\/index.php?rest_route=\/wp\/v2\/pages\/425\/revisions\/905"}],"up":[{"embeddable":true,"href":"https:\/\/lanaturedefelia.fr\/index.php?rest_route=\/wp\/v2\/pages\/18"}],"wp:attachment":[{"href":"https:\/\/lanaturedefelia.fr\/index.php?rest_route=%2Fwp%2Fv2%2Fmedia&parent=425"}],"curies":[{"name":"wp","href":"https:\/\/api.w.org\/{rel}","templated":true}]}}